ose 5*w + 5359 = 2*v, 0 = 3*v - 3*w - 973 - 7070. List the prime factors of v.
2, 3, 149
Let f = 97 + -416. Let t = f - -632. What are the prime factors of t?
313
Let s be 6 + (-4 + 0)*1. Suppose 4*f = 4*l - 416, l - 13 - 103 = -s*f. Let k = l - 64. What are the prime factors of k?
2, 11
Suppose -3*n - 4*f + 220 = 0, 3*n + 330 = 7*n - 2*f. Let x = -80 + n. Suppose x = 5*k - 4*w - 810, -k + 39 = w - 132. List the prime factors of k.
2, 83
Suppose 10*x - 2297 + 107 = 0. Suppose 2*p - x = 537. Suppose 3*b - z = 375, 2*z + 0*z + p = 3*b. List the prime factors of b.
2, 31
Suppose r - 64 = 2*r + 2*p, -4*r + 5*p = 269. Let c be 2/(-11) + (-6)/(r/431). Let a = c - -171. What are the prime factors of a?
2, 3, 5, 7
Let w(j) = -j - 10. Let g(k) = k**2 + 2*k - 3. Let l be g(2). Suppose -93 = 5*v - 3*a, -2*v + v - l*a = 13. What are the prime factors of w(v)?
2
Suppose 75*h + 30 = 85*h. Suppose l = 2*c + 998, -7*l = -h*l - 3*c - 3987. What are the prime factors of l?
2, 3, 83
Let n(s) = -805*s + 124. What are the prime factors of n(-2)?
2, 3, 17
Let w = -2121 - -13604. List the prime factors of w.
11483
Let r(d) = 2*d**2 + 7*d - 12. Let f be r(-5). Suppose 5*w - 2988 = o, -f*w = 2*w + 3*o - 2996. What are the prime factors of w?
2, 13, 23
Let t(j) be the second derivative of 7*j**4/12 + 5*j**3/3 + 29*j**2/2 - 33*j + 1. List the prime factors of t(7).
2, 13, 17
Let n = -190 - -270. Let d = -1 + n. Suppose -3*m - d + 316 = 0. What are the prime factors of m?
79
Let s(d) = -d**2 - d + 2. Let o be s(0). Let w(a) = 132*a**2 + 12*a - 7. List the prime factors of w(o).
5, 109
Suppose -4*o - 5*n = 9, -4*n - 3 - 1 = 4*o. Suppose 0 = 5*z + o*t - 1671, -4*z = 5*t - 6*t - 1320. List the prime factors of z.
331
Suppose 4*t + 37*x - 14119 = 32*x, 2*t = -5*x + 7057. List the prime factors of t.
3, 11, 107
Let s be 7828/228 + 2/(-6)*1. Suppose 4071 + 3511 = s*f. What are the prime factors of f?
223
Suppose 10*m = -23*m + 460614. What are the prime factors of m?
2, 7, 997
Let h(v) = 13*v + 8. Let k = 39 - 45. Let n = k - -9. List the prime factors of h(n).
47
Let t = -13 - -36. Suppose -t*c = -20*c. What are the prime factors of (-135 - 1)/((c - -5)/(-5))?
2, 17
Suppose -4*u + 2*u = 6, 5*p - 60 = 5*u. Suppose -p*x - 342 = 126. Let l = x - -70. List the prime factors of l.
2, 3
Let h(c) = 2*c**2 - 16*c + 17. Let z be -7 + -15*(-5)/(-15)*1. List the prime factors of h(z).
7, 71
Suppose 3*c + 15 = 0, 337 = x - c - 0*c. Suppose -9*i + 5*i = -x. Suppose 81 + i = 4*a. What are the prime factors of a?
41
What are the prime factors of 1814791/232 - 5 - (-1)/(16/(-6))?
7817
Suppose 17*f + 21*f - 300352 = 0. What are the prime factors of f?
2, 13, 19
Let t(i) = 14*i**3 + 4*i - 15. Let s(g) = 2*g**3 - g**2 + 2. Let r(u) = -2*s(u) + t(u). What are the prime factors of r(5)?
1301
Let d(w) = -1294*w - 246. What are the prime factors of d(-6)?
2, 3, 7, 179
Let f = -10954 + 27908. What are the prime factors of f?
2, 7, 173
Let r be ((-640)/(-48))/(1/(-174)). List the prime factors of -3*(2/13 - r/(-39)).
2, 89
Suppose -4*r - r = 2*c - 31446, 4*c - 25164 = -4*r. Suppose 0 = 14*g - 26*g + r. What are the prime factors of g?
2, 131
Let r be (471/4)/(-3*(-5)/40). Suppose m = -0*m + 2*f + 334, 0 = -m - 2*f + r. Suppose 0 = -40*z + 43*z - m. List the prime factors of z.
2, 3
Let k(p) be the second derivative of 3*p**3 + 27*p**2/2 - 38*p + 1. What are the prime factors of k(5)?
3, 13
Let x = 1048 + -584. Let y = -205 + x. Suppose -5*i + y = -226. What are the prime factors of i?
97
Suppose -58*s + 59*s - 17053 = 5*t, 0 = -4*t - 8. What are the prime factors of s?
3, 13, 19, 23
Let m(i) = i**2 - 16*i - 34. Let b be m(36). Suppose 10 = 2*c, -4*c + 688 = 2*v - b. List the prime factors of v.
677
What are the prime factors of (34/6)/((-9)/(-49923))?
17, 43
Suppose 29*s = 58*s - 54346. Suppose 32*d - 8718 - s = 0. What are the prime factors of d?
331
Suppose 12 = 2*m + 2*i, 0 = -2*m - 9*i + 14*i - 2. Suppose 0 = -m*f + 3*p + 6409, -8*f = -6*f - 4*p - 3192. List the prime factors of f.
2, 11, 73
Suppose 1480*s - 1487*s + 9656 = -86048. List the prime factors of s.
2, 1709
Let h(q) = 11928*q**3 + q**2 + 7*q - 8. List the prime factors of h(1).
2, 3, 7, 71
Let i be (-6 + (-1 - -3))/((-1)/2). Suppose 210 = -3*p + i*p. List the prime factors of p.
2, 3, 7
Let y = 299 + -297. Suppose g + y*q - 216 = -3*q, -548 = -3*g + 5*q. What are the prime factors of g?
191
Let n = 1145 + 3521. What are the prime factors of n?
2, 2333
Let u(a) = -a**3 - 2*a**2 + a + 2. Let r be u(-3). Let g(z) = -z**2 + 2*z - 8. Let w be g(r). Let m = 59 + w. List the prime factors of m.
3
Suppose 5*d = -3*d. Suppose d = 18*k - 17*k - 1127. List the prime factors of k.
7, 23
Suppose -2*q = -3 + 39. Let z = 15 + q. List the prime factors of (61/z)/(1/(-3)).
61
Let j(z) = -z**2 + 21*z - 45. Let a be j(18). Suppose a*o = -27 - 27. What are the prime factors of -358*((-3)/o*-1 - 0)?
179
Suppose -5*g - 2*d = -24315, -3*g + 3*d - 6589 = -21199. What are the prime factors of g?
5, 7, 139
Let y = 206 - 522. Let z = 611 + y. List the prime factors of z.
5, 59
Suppose 4*v - 24407 = 5*a - 239105, -2*v - 214684 = -5*a. List the prime factors of a.
2, 21467
Suppose -5*y + 0*y + f = -6565, 4*y + 5*f - 5281 = 0. Let p = y - 957. What are the prime factors of p?
3, 7, 17
Suppose 20 = -2*a + 8. Let d = 461 + -440. Let s = d + a. What are the prime factors of s?
3, 5
Suppose -64*s - 50469 + 309642 = -414555. What are the prime factors of s?
3, 11, 29
Let c(p) = -2*p**2 + p**3 + 2 + 2 - 3*p - 3*p**2 + 2*p**2. Let h be c(4). Let y = h + 121. List the prime factors of y.
3, 43
Suppose -3*x = -g + 806, 4*g - 2*g = -5*x + 1634. Suppose -68*f + 2*y = -72*f + g, -4*y = -f + 203. What are the prime factors of f?
7, 29
Let p(g) = g**2 + 10*g + 2. Let l be p(-10). Suppose u = 4*o + 14, l*u - 28 = 4*o - 4. What are the prime factors of 188/u - 20/(-100)?
19
Suppose 31*k = -43*k - 61*k + 2708100. List the prime factors of k.
2, 5, 17, 59
Let m(y) = -50*y**2 + 2*y + 2. Let v be m(-1). Let h = 54 + v. Suppose -284 = -2*p - 3*n + n, h*p - 2*n = 550. What are the prime factors of p?
139
Let u(n) = -3*n + 29. Let d be u(9). Suppose 11 - 63 = -d*y. List the prime factors of (y/(-10) - -3)*(-455)/(-7).
2, 13
Let z be (5*12/105)/((-4)/(-14)). Suppose -w - z = -53. Let l = 132 - w. What are the prime factors of l?
3
Let r = -176 + 149. What are the prime factors of (-1757)/(-9) - ((-33)/r + -1)?
3, 5, 13
Let j(t) = -2*t + 11*t**2 + t - 8 - 2*t + 5 - t**3. Let h be j(8). Let s = -75 + h. What are the prime factors of s?
2, 3, 5
Let y = 1716 - -5403. List the prime factors of y.
3, 7, 113
Suppose 18*s - 6300 = 4122. Suppose a + 573 = 3*v, 3*a - 4*a + s = 3*v. List the prime factors of v.
2, 3
Suppose 463*s + 7596162 = 634*s. What are the prime factors of s?
2, 7, 19, 167
Let x be (-2*3090/36)/((-2)/36). Suppose 4946 = 4*i - 2*q, 3*q + 613 = -2*i + x. What are the prime factors of i?
1237
Suppose 5*g = d - 23328, -5*d = 86*g - 88*g - 116525. What are the prime factors of d?
7, 3329
Let m = 525 - 513. Suppose -16882 = -m*r - 4498. List the prime factors of r.
2, 3, 43
Let r = 219 + -214. Suppose -r*v - 1000 = -4335. List the prime factors of v.
23, 29
Let s(t) = -t**3 + 27*t**2 + 4*t - 48. Let o be s(27). What are the prime factors of (o/3)/((-2)/(-71))?
2, 5, 71
Let a = -16747 + 30684. List the prime factors of a.
7, 11, 181
Let r be -1 + 1*20/5. Suppose r*i - 421 = -2*h, 0 = h - 2*h - 5*i + 214. What are the prime factors of h?
11, 19
Suppose -5*c + 10*c + 4*d = 15, 0 = 4*c - d - 12. Suppose 197 = p - 2*i, -94 = -c*p + 2*i + 513. What are the prime factors of p?
5, 41
Suppose -131*b = -185*b + 2681964. List the prime factors of b.
2, 19, 1307
Let i be 32 + (2/(-2))/(1 + 0). Suppose 4*k + i = u, 2*u + 5*k - 10 = -0. Suppose 13*t + 22 = u*t. List the prime factors of t.
11
Suppose t - 3969 = -6*t. Suppose 0 = 7*n - 3*n - 20, q + 5*n = t. List the prime factors of q/6 + ((-10)/(-15))/(-2).
2, 3, 5
Suppose 159 = -5*k + 889. Let h(q) = -q**3 - 11*q**2 - 5*q - 54. Let p be h(-11). What are the prime factors of p + 2 + k + -8?
3, 47
Let l = 339 - -74. Let r = -21 + l. List the prime factors of r.
2, 7
Let y(b) be the third derivative of 0*b + 4/3*b**3 - 5*b**2 + 0 - 3/4*b**4. W